digit of 728843952?
3
What is the tens digit of 1466178445?
4
What is the tens digit of 16968146?
4
What is the ten thousands digit of 1701146870?
4
What is the tens digit of 216718224?
2
What is the ten thousands digit of 50496371?
9
What is the ten thousands digit of 28551607?
5
What is the billions digit of 2519513891?
2
What is the hundred thousands digit of 329789448?
7
What is the hundred thousands digit of 93734939?
7
What is the hundred thousands digit of 11086998?
0
What is the tens digit of 125201144?
4
What is the hundred millions digit of 178222328?
1
What is the thousands digit of 48305583?
5
What is the thousands digit of 62202695?
2
What is the hundred millions digit of 150326098?
1
What is the ten millions digit of 89856989?
8
What is the thousands digit of 116864220?
4
What is the units digit of 63783988?
8
What is the units digit of 21120236?
6
What is the units digit of 642747971?
1
What is the billions digit of 2812583292?
2
What is the units digit of 31903545?
5
What is the ten thousands digit of 52650732?
5
What is the thousands digit of 62325117?
5
What is the hundreds digit of 2612698351?
3
What is the units digit of 13495162?
2
What is the hundred thousands digit of 26089035?
0
What is the tens digit of 652650790?
9
What is the units digit of 4905221398?
8
What is the thousands digit of 233364541?
4
What is the ten thousands digit of 2015603643?
0
What is the thousands digit of 52617880?
7
What is the thousands digit of 58044174?
4
What is the tens digit of 64630270?
7
What is the tens digit of 15909044?
4
What is the thousands digit of 1232805240?
5
What is the hundred millions digit of 331379869?
3
What is the hundred thousands digit of 299173522?
1
What is the thousands digit of 60661111?
1
What is the ten millions digit of 429356023?
2
What is the ten thousands digit of 148412531?
1
What is the hundreds digit of 604001743?
7
What is the units digit of 26348313?
3
What is the ten millions digit of 5570079062?
7
What is the millions digit of 638405083?
8
What is the thousands digit of 474725735?
5
What is the hundred millions digit of 536950481?
5
What is the ten millions digit of 16539296?
1
What is the hundreds digit of 150215182?
1
What is the tens digit of 97045103?
0
What is the units digit of 196452684?
4
What is the tens digit of 5405352706?
0
What is the millions digit of 715067629?
5
What is the units digit of 55634057?
7
What is the millions digit of 913137996?
3
What is the millions digit of 242337881?
2
What is the tens digit of 84238807?
0
What is the ten thousands digit of 85338536?
3
What is the ten thousands digit of 762939191?
3
What is the hundred millions digit of 960128399?
9
What is the hundred millions digit of 341670526?
3
What is the thousands digit of 56182980?
2
What is the ten millions digit of 57012570?
5
What is the hundred thousands digit of 82650864?
6
What is the hundred millions digit of 1782332247?
7
What is the ten millions digit of 582814046?
8
What is the tens digit of 1281105?
0
What is the millions digit of 148004040?
8
What is the ten millions digit of 1050303633?
5
What is the hundred thousands digit of 5626430832?
4
What is the hundred thousands digit of 2797460672?
4
What is the hundreds digit of 32138635?
6
What is the thousands digit of 282257359?
7
What is the hundred thousands digit of 231830760?
8
What is the tens digit of 1164074570?
7
What is the units digit of 366543567?
7
What is the tens digit of 1290408230?
3
What is the hundred thousands digit of 2345832050?
8
What is the hundreds digit of 1307154476?
4
What is the units digit of 1986362152?
2
What is the billions digit of 1519693417?
1
What is the hundred millions digit of 2133705131?
1
What is the units digit of 54172880?
0
What is the hundred millions digit of 6920459902?
9
What is the hundreds digit of 1684753020?
0
What is the hundred thousands digit of 3905118?
9
What is the units digit of 492415328?
8
What is the tens digit of 15032044?
4
What is the hundreds digit of 4020300554?
5
What is the thousands digit of 528983656?
3
What is the hundred thousands digit of 32086733?
0
What is the tens digit of 161418370?
7
What is the tens digit of 323771705?
0
What is the hundreds digit of 1665295250?
2
What is the ten thousands digit of 186435807?
3
What is the ten thousands digit of 2174690825?
9
What is the units digit of 81329194?
4
What is the millions digit of 410305623?
0
What is the units digit of 31796662?
2
What is the ten thousands digit of 1610457228?
5
What is the thousands digit of 1442120329?
0
What is the millions digit of 54812692?
4
What is the units digit of 36797929?
9
What is the ten millions digit of 18134048?
1
What is the tens digit of 434115718?
1
What is the millions digit of 81749184?
1
What is the thousands digit of 45901312?
1
What is the millions digit of 50086916?
0
What is the ten thousands digit of 165935038?
3
What is the ten millions digit of 2690022927?
9
What is the units digit of 515964464?
4
What is the units digit of 20219085?
5
What is the millions digit of 39074853?
9
What is the hundred millions digit of 224380282?
2
What is the ten millions digit of 257614648?
5
What is the hundred millions digit of 467261184?
4
What is the billions digit of 1115017758?
1
What is the ten thousands digit of 60839885?
3
What is the thousands digit of 1705340365?
0
What is the hundred thousands digit of 56606680?
6
What is the hundreds digit of 40203471?
4
What is the hundred millions digit of 2630525467?
6
What is the units digit of 86564564?
4
What is the ten millions digit of 486689921?
8
What is the hundred millions digit of 123956061?
1
What is the hundred thousands digit of 45222965?
2
What is the millions digit of 3956452724?
6
What is the hundreds digit of 175055797?
7
What is the thousands digit of 2228099706?
9
What is the thousands digit of 24330336?
0
What is the hundred thousands digit of 556633344?
6
What is the hundreds digit of 6076156629?
6
What is the tens digit of 781803182?
8
What is the hundreds digit of 562731086?
0
What is the units digit of 1265811363?
3
What is the millions digit of 404918803?
4
What is the hundred millions digit of 117944901?
1
What is the units digit of 311679324?
4
What is the units digit of 20354977?
7
What is the units digit of 25469773?
3
What is the ten millions digit of 36934292?
3
What is the hundred thousands digit of 4060847352?
8
What is the hundred thousands digit of 28700948?
7
What is the ten thousands digit of 552949517?
4
What is the ten thousands digit of 755009393?
0
What is the tens digit of 260728281?
8
What is the millions digit of 34119893?
4
What is the millions digit of 692873336?
2
What is the tens digit of 31300460?
6
What is the thousands digit of 669571352?
1
What is the units digit of 18900376?
6
What is the millions digit of 871095244?
1
What is the thousands digit of 151947385?
7
What is the hundred millions digit of 687970851?
6
What is the ten thousands digit of 2881655115?
5
What is the billions digit of 3945173309?
3
What is the ten millions digit of 1045550409?
4
What is the hundreds digit of 5918669?
6
What is the millions digit of 3556128716?
6
What is the tens digit of 1190434821?
2
What is the thousands digit of 36061032?
1
What is the hundred millions digit of 3547480786?
5
What is the units digit of 47496689?
9
What is the tens digit of 1434368284?
8
What is the thousands digit of 40394617?
4
What is the tens digit of 338214022?
2
What is the hundred thousands digit of 412706369?
7
What is the ten thousands digit of 41893144?
9
What is the thousands digit of 216648622?
8
What is the millions digit of 48188742?
8
What is the millions digit of 224555372?
4
What is the millions digit of 688944698?
8
What is the millions digit of 95874087?
5
What is the hundreds digit of 155726974?
9
What is the millions digit of 821547389?
1
What is the ten millions digit of 53097581?
5
What is the hundreds digit of 518547464?
4
What is the hundred thousands digit of 111601723?
6
What is the hundred thousands digit of 368056998?
0
What is the thousands digit of 2236929081?
9
What is the thousands digit of 4036770734?
0
What is the hundreds digit of 417558977?
9
What is the hundred thousands digit of 283688466?
6
What is th